*m - 2*b. Let x = 2 + 2. Determine v(x).
4
Let p(j) = -2*j + 29. Let n be p(14). Let y(m) be the first derivative of -m + 1 + 5/3*m**3 + 0*m**2. Give y(n).
4
Let y(c) = -2*c**3 - 8*c**2 + 21*c - 3. Let h(x) = -x**3 - 4*x**2 + 11*x - 2. Let r(o) = -11*h(o) + 6*y(o). What is r(-5)?
4
Let x(g) = 5*g. Suppose 2*r = -5*j - 17, -5*r - 4*j - j - 20 = 0. Determine x(r).
-5
Let y(o) = 5*o**3 - 2*o + 1. Let r(d) = -d**2 + 7*d + 8. Let n be r(8). Suppose -2*c + 2*m = 4 - n, 2*c - 2 = -4*m. Let l be 4 + -5 + (-2)/c. What is y(l)?
4
Let g(o) be the third derivative of o**2 + 1/60*o**5 + 0 + 0*o + 1/4*o**4 - 2/3*o**3. Let c = -9 - -3. Calculate g(c).
-4
Let k(g) = g**2 + g - 2. Let c(t) = t**2 + 2*t - 3. Let m(q) = -6*c(q) + 5*k(q). Calculate m(-7).
8
Let d(a) = a**2 - 5*a - 1. Let t be (-3)/18 + (-73)/(-6). Let h be ((-14)/6)/(1/3). Let s = h + t. Determine d(s).
-1
Suppose -2*q + 10 = 3*q. Let k(u) be the second derivative of 2*u + 1/2*u**3 - 1/2*u**2 + 1/20*u**5 + 0 - 1/3*u**4. Determine k(q).
-3
Let u = 20 + -15. Suppose -n + 2*n = -u*o - 5, 2*n + 5 = -5*o. Let b(t) = 5*t - 1. Give b(o).
-6
Let y(a) be the second derivative of 4*a + 1/2*a**2 + 0 - 1/4*a**4 + 0*a**3. What is y(2)?
-11
Let d(b) = b**2 + 10*b + 3. Let y be d(-9). Let t(v) = -v**3 - 5*v**2 + 7*v + 4. Give t(y).
-2
Let x(j) be the second derivative of -j**4/6 - j**3/2 - j**2 + 4*j. Determine x(-2).
-4
Let p(u) = -u**2 - 7*u - 3. Let r be ((-12)/(-10))/((6/2)/(-15)). What is p(r)?
3
Let q(f) = 2*f + 2 - f + f**3 - 14*f**2 + 35*f**2 - 15*f**2. Suppose 0 = t - 0 + 6. Calculate q(t).
-4
Let x(i) = -i + 1. Let t = 34 + -19. Suppose -5*h - t = -2*h. Let b(j) = j**3 + 5*j**2. Let z be b(h). Determine x(z).
1
Let c(p) = -p**3 + 11*p**2 - 10*p - 5. Let n(u) = -u**3 + 7*u**2 - 12*u + 10. Let t be n(4). Give c(t).
-5
Let g = 1/66 + 5/33. Let i(n) be the second derivative of 0*n**4 + 1/20*n**5 + 3/2*n**2 + 0 + g*n**3 - 3*n. Calculate i(0).
3
Let w(y) = -6 + 13 + 3*y - 2*y. Calculate w(-7).
0
Suppose -8*l - 4 = -4*l. Let s be -12*l/3*1. Let i(t) = -t**3 + 4*t**2 - t + 2. Determine i(s).
-2
Let g(f) be the first derivative of -f**2/2 - 3*f - 1. Let i = -2 - 2. Determine g(i).
1
Suppose -7 = -3*d - 1. Let v(r) = 2*r + d*r - 4*r - r. Calculate v(6).
-6
Suppose 0 = 2*b - 4*p + 16, 4*b - p + 2 = p. Let o(k) = -4*k**3 - k**2 - 7*k - 5. Let a(j) = -j**3 - j**2 - 2*j - 1. Let u(t) = 3*a(t) - o(t). Calculate u(b).
4
Let l(t) be the third derivative of -t**6/60 + t**5/30 + t**4/8 - t**3/2 + 15*t**2. Give l(2).
-5
Let g(j) = -j + 1. Let b be 2 - (-5)/((-15)/6). Suppose -c = -5*x - 10, -2*x + b*x = -c + 7. Let l = 3 + x. Determine g(l).
-1
Let t = 7 + -13. Let i = -13 + 14. Let j(l) = 7*l**2 + 11*l. Let s(m) = m**2 + m. Let u(f) = i*j(f) - 6*s(f). What is u(t)?
6
Let t(r) = r**3 + 9*r**2 + 2*r + 2. Let u(h) = -h**3 - 8*h**2 - 2*h - 1. Let i(f) = 3*t(f) + 4*u(f). What is i(-4)?
-6
Let y(q) = 2*q**2 - 1 + 4*q**2 - 7*q**2 + 22*q**3 + 3*q**2. Give y(-1).
-21
Suppose -t = 3*t - 12. Let y(d) = 5*d**3 - 4*d**3 - 1 + 0*d + 0*d. Let u(x) = -3*x**3 + 3*x**2 - 3*x + 2. Let n(p) = u(p) + 2*y(p). Determine n(t).
-9
Let m(l) = -l. Let f be -17 + 2*3/(-6). Let o be 2/(4/f*-3). Give m(o).
-3
Suppose -23*t + 20*t = 24. Let w(g) = -g**3 - 8*g**2 - g + 2. Determine w(t).
10
Let h(o) = o + 6. Let a be h(-6). Let p(m) = 2*m + a*m + 5 - 5 - 1. Give p(5).
9
Let s(x) = x**3 - 3*x**2 - 6*x + 7. Let h be s(4). Let o(l) = -13*l**3 + 2*l**2 + 2*l + 1. What is o(h)?
14
Let w(t) = 2*t**2 + 3*t + 3. Let y(q) = -4*q**2 - 7*q - 7. Let m(g) = 13*w(g) + 6*y(g). What is m(-2)?
11
Suppose 0 = -2*i - 4. Let j(w) = -9*w**2 - 7*w - 2. Let y(t) = -5*t**2 - 4*t - 1. Let n be 1/((-2)/8 + 0). Let g(q) = n*j(q) + 7*y(q). Calculate g(i).
5
Let z(s) = -s**2 + 4*s + 1. Let y be 3 + -5 + 6 + 2. Determine z(y).
-11
Let d = 5 - 10. Let t(g) = -g**3 - g. Let z(f) = 6*f**3 + 4*f**2 + f - 4. Let p(m) = 5*t(m) + z(m). Calculate p(d).
-9
Suppose -3*g + 16 - 1 = 0. Let w(u) = u**3 + u**2 - u - 1. Let x(o) = -2*o**3 - 9*o**2 + 9*o + 9. Let s(c) = 3*w(c) + x(c). Give s(g).
11
Let w(p) = p**2 + 8*p + 2. Let y(a) = -a**2 - 2*a - 7. Let i be y(0). Give w(i).
-5
Let x be (1 + 1)/(16/32). Let z(f) = -f**3 + f**2 - f. Let u(h) = 4*h**3 - 6*h**2 - 2*h + 5. Let a(s) = u(s) + 3*z(s). Calculate a(x).
1
Let t(g) = g. Let a(p) = -p - 1. Let v(b) = a(b) - 3*t(b). Let l(j) = j - 3. Let n be l(4). Determine v(n).
-5
Let h(y) be the third derivative of -y**6/120 + y**5/60 + y**4/24 - 3*y**3 - 36*y**2. What is h(0)?
-18
Let h(v) = v**3 - 5*v**2 - 6*v - 7. Let p be h(6). Let u(z) = z**2 + 7*z + 2. Let j be u(p). Let y(f) = f**j - 7*f**3 + 0*f**2 + f**3. What is y(-1)?
7
Let f(u) be the second derivative of -u**3/6 - u**2 - u. Suppose 8 + 4 = -3*s. Give f(s).
2
Let b(a) = -a + 2. Let m(r) = r**3 + 4*r**2 - 1. Suppose -5 = x - y, 2*y - 4 = 5*x + 18. Let o be m(x). Let i be (-4 + o)*(-2)/5. What is b(i)?
0
Let t be ((-3)/4)/(7/(-28)). Let b(z) = 1 - 6*z**3 - 2*z**2 + t*z**3 - 2*z**3. Determine b(-1).
4
Suppose -11*k = -14*k + 15. Let x(t) = -4*t + 2 + k*t + 2. Determine x(-5).
-1
Let h(n) = -4*n - 8. Let l be h(-3). Let v(m) = 27 - 4*m + 3*m - 32. Give v(l).
-9
Let a(d) = -d**3 - d**2 - 2*d - 3. Let k(h) = -h. Let t be k(-2). Let f be (2 - t) + 9 + -1. Suppose 4*z + f + 0 = 0. Calculate a(z).
5
Let z(q) = -q**3 - 4*q**2. Suppose -w = -4*w - 9. Calculate z(w).
-9
Suppose 5*j = -4*o - 2, -3*j + 2*o + 12 = -0*o. Let w = -2 - -5. Let x(y) = w - 1 - 2*y + 1 - y**3. Calculate x(j).
-9
Let v(k) = -4*k - 3. Suppose -4*m + 5*m - 4*n = 14, -4*m + 12 = -5*n. What is v(m)?
5
Let y(b) = b**3 + 3*b**2 + 1. Let p(u) be the second derivative of u**5/20 + 5*u**4/12 + u**2 - 4*u. Let n(t) = -3*p(t) + 5*y(t). What is n(2)?
15
Let d = 26 - 20. Let b(k) = k - 14. Calculate b(d).
-8
Let t(b) = b**3 - b + 2. Let y be t(0). Let a(s) = 2 - s**y + 4 - 2 - 3*s. Let q(z) = z**3 - 4*z**2 - 6*z + 2. Let g be q(5). What is a(g)?
4
Let v be 1*(0/(-2) + 3). Suppose 0 = 3*s + 12 + v. Let l(f) = 2*f + 10. Let g(h) = -h - 5. Let n(b) = 5*g(b) + 2*l(b). What is n(s)?
0
Suppose x = 2*x. Let j(b) = b**3 - 2 - 4*b**3 - 7. Let f(v) = v**3 + 4. Let c(t) = 5*f(t) + 2*j(t). Determine c(x).
2
Let q(i) = -3*i + 3. Let z(b) = b**3 + 6*b**2 + 6*b. Let j be z(-4). Suppose 3*k - 7 = -k + 3*c, 0 = 5*k - 3*c - j. Let m be k - (-2 - (0 - 0)). What is q(m)?
-6
Let m(b) = -b**2 - 6*b - 2. Let q be m(-5). Suppose -3*y = t - q*t + 15, 2*y + 2*t + 10 = 0. Let a(z) = z. Calculate a(y).
-5
Let v(x) = x**3 + 3*x**2 + x + 0 - 6 - 5*x. Suppose 0 = -2*m - 5 + 13. Suppose h - 1 = 5*q, 3*h + 3*q - 1 = m*h. Give v(h).
-6
Suppose 0 = -s - 51 + 126. Let g be s/20 - (-1)/4. Let h(m) = -m - 4 + 2*m - 3*m**2 - 2*m**2 + g*m**2. Calculate h(3).
-10
Let l(h) = 6*h**3 - h**2 - h + 1. Suppose 83 = 4*j - 5*k - 0*k, 0 = 4*j - 3*k - 85. Suppose -4*c = 2*b - j, -3*c + 6 + 4 = -5*b. Give l(b).
5
Let w = -4 - 2. Let o be (0 - -2)/((-8)/(-36)). Let f be (-2)/(0 - w/o). Let c(h) = h**2 + 2*h - 2. What is c(f)?
1
Suppose 0 = 4*l - 11 + 3. Let h(c) = 5 + 4*c - 3*c + c**2 + 0*c**l + 5. Calculate h(0).
10
Let f be (-1)/((-6 + 1)/30). Let a(z) = -7*z + 4*z - 6*z**2 + z + 8 + z**3. Give a(f).
-4
Let n(g) = -g**2 - 4 + 2*g**2 - g**3 - 3*g + 4*g**2. Suppose m = -4*m + 20. Determine n(m).
0
Let c(u) = -2*u. Let m be (4/1)/(-4)*5. Calculate c(m).
10
Suppose 0*q + 5*g - 1 = q, 5*q = 3*g - 27. Let z(h) = h**3 + 6*h**2 - 3*h - 2. Calculate z(q).
16
Let y(n) be the first derivative of 4*n**3/3 - n - 11. Give y(-1).
3
Let d = -503 + 503. Let l(j) = -4*j. Suppose 0*p + 20 = -5*p. Let a(h) = -5*h + 1. Let x(o) = p*l(o) + 3*a(o). Give x(d).
3
Suppose -3*m + 4*m - 3 = 0. Suppose 7 = -y - f, m*y + 2*y - 4*f = 1. Let r(u) = -2*u - 1. Determine r(y).
5
Let f(y) = y**2 - 1. Let g(z) = 5*z**3 - 3*z**2 + 8*z + 9. Let x(q) = q**3 + q + 1. Let p(d) = g(d) - 6*x(d). Let l(w) = -3*f(w) + p(w). Calculate l(-6).
-6
Let r be (-2)/(-1 - 1) - 2. Let c(f) = f + 1. Let b(d) = d - 2. Let j(k) = b(k) + 3*c(k). Give j(r).
-3
Let q(c) = c**2 + 11*c - 6. Let i(b) = 2*b - 1. Let s(n) = 5*i(n) - q(n). Determine s(-4).
-11
Let p(c) = -c + 1. Let y(h) = h**3 + 8*h**2 + 7*h + 1. Let l be y(-7). Let o be l/(-3)*108/(-9). Determine p(o).
-3
Suppose -10*x + 8*x + 2 = 0. Let j(z) = 11*z. Give j(x).
11
Let v(i) be the thir